{"id":36,"date":"2017-07-18T21:05:33","date_gmt":"2017-07-18T21:05:33","guid":{"rendered":"http:\/\/erftkanu.de\/?page_id=36"},"modified":"2017-07-19T12:12:20","modified_gmt":"2017-07-19T12:12:20","slug":"wildwasserkanal","status":"publish","type":"page","link":"https:\/\/erftkanu.de\/?page_id=36","title":{"rendered":"Wildwasserkanal"},"content":{"rendered":"<p>Der Kanu Wildwasser\u00fcbungskanal in Grevenbroich befindet sich nur ca. 150 m oberhalb des Bootshauses des Kanu-Club Grevenbroich 1953 e.V. (Erft-km 17,8 gem. DKV Gew\u00e4sserf\u00fchrer NRW) in Stadtmitte hinter dem Alten Schloss.<\/p>\n<p>Auf einer L\u00e4nge von knapp 80 m flie\u00dft das Wasser vom Niveau der M\u00fchlenerft in den knapp zwei Meter tieferen Flutgraben durch einen leicht nach links gebogenen, mit Beton und Steinen befestigten, in der Sohle ca. 4 m breiten Kanal. Von beiden Seiten eingeschobene Schotts erzeugen Querschnittverengungen, gute Str\u00f6mung und Kehrw\u00e4sser.<\/p>\n<p><img loading=\"lazy\" decoding=\"async\" class=\"aligncenter size-large wp-image-49\" src=\"https:\/\/erftkanu.de\/wp-content\/uploads\/2017\/07\/DSCF0986-1024x768.jpg\" alt=\"\" width=\"660\" height=\"495\" srcset=\"https:\/\/erftkanu.de\/wp-content\/uploads\/2017\/07\/DSCF0986-1024x768.jpg 1024w, https:\/\/erftkanu.de\/wp-content\/uploads\/2017\/07\/DSCF0986-300x225.jpg 300w, https:\/\/erftkanu.de\/wp-content\/uploads\/2017\/07\/DSCF0986-768x576.jpg 768w\" sizes=\"auto, (max-width: 660px) 100vw, 660px\" \/><\/p>\n<p>Am Kanalende an der M\u00fcndung in den Flutgraben bildet sich ein kr\u00e4ftiger Schwall. Hier findet im Fr\u00fchjahr und Herbst das beliebte Erft-Rodeo statt. \u00dcber dem Kanal h\u00e4ngen Slalomtore zu Trainingszwecken. Durch die Vielzahl von Stangen links und rechts des Kanals mit Draht\u00fcberspannungen, k\u00f6nnen jederzeit zus\u00e4tzliche Slalomtore aufgeh\u00e4ngt, verschoben oder anders positioniert werden.<\/p>\n<p>Wegen reduzierter Einleitung von S\u00fcmpfungswasser (Grundwasser) aus dem Braunkohletagebau Hambach durch Rheinbraun sinkt die Wassermenge der Erft kontinuierlich. Der Wildwasserkanal ist daher nur noch bei ausreichendem Wasserstand und bei Bedarf zu den Trainingszeiten ge\u00f6ffnet.<\/p>\n<p>Knapp 600 m unterhalb des Abzweigs Flutgraben ist an der M\u00fchlenerft ist mit Kamper&#8217;s M\u00fchle ein M\u00fcllerbetrieb, der mit dem Erftwasser durch Turbinen Strom gewinnt.<\/p>\n<p><img loading=\"lazy\" decoding=\"async\" class=\"aligncenter size-large wp-image-50\" src=\"https:\/\/erftkanu.de\/wp-content\/uploads\/2017\/07\/DSCF9942-1024x768.jpg\" alt=\"\" width=\"660\" height=\"495\" srcset=\"https:\/\/erftkanu.de\/wp-content\/uploads\/2017\/07\/DSCF9942-1024x768.jpg 1024w, https:\/\/erftkanu.de\/wp-content\/uploads\/2017\/07\/DSCF9942-300x225.jpg 300w, https:\/\/erftkanu.de\/wp-content\/uploads\/2017\/07\/DSCF9942-768x576.jpg 768w\" sizes=\"auto, (max-width: 660px) 100vw, 660px\" \/><\/p>\n<p>Durch ein Wehr an der M\u00fchle, den Turbinendurchfluss und einer vor der M\u00fchle befindliche niedrige Br\u00fccke l\u00e4sst sich die M\u00fchlenerft ab dem Abzweig des Flutgrabens nur noch auf ca. 500 m paddeln. Der Weg auf der Erft durch Grevenbroich f\u00fchrt \u00fcber den Flutgraben.<\/p>\n<p>Von hier bis zum Bootshaus des KC Grevenbroich schlie\u00dft sich im Flutgraben die Slalomstrecke mit \u00dcbungstoren an.<\/p>\n<p>Umkleide- und Duschm\u00f6glichkeiten bestehen im Bootshaus des Kanu-Club Grevenbroich 1953 e.V. f\u00fcr Vereinsmitglieder.<\/p>\n<p>Mit einem Wildwasser\u00fcbungskanal, einer Slalomstrecke und einem Bootshaus direkt an der Erft, mitten in Grevenbroich am Alten Schloss, bestehen ideale Voraussetzungen f\u00fcr das Kanuwandern, den Wettkampfsport und das \u00dcben im Wildwasser.<\/p>\n<p>&nbsp;<\/p>\n","protected":false},"excerpt":{"rendered":"<p>Der Kanu Wildwasser\u00fcbungskanal in Grevenbroich befindet sich nur ca. 150 m oberhalb des Bootshauses des Kanu-Club Grevenbroich 1953 e.V. (Erft-km 17,8 gem. DKV Gew\u00e4sserf\u00fchrer NRW) in Stadtmitte hinter dem Alten &hellip; <a href=\"https:\/\/erftkanu.de\/?page_id=36\" class=\"more-link\"><span class=\"screen-reader-text\">Wildwasserkanal<\/span> weiterlesen<\/a><\/p>\n","protected":false},"author":1,"featured_media":0,"parent":0,"menu_order":0,"comment_status":"closed","ping_status":"closed","template":"","meta":{"footnotes":""},"class_list":["post-36","page","type-page","status-publish","hentry"],"_links":{"self":[{"href":"https:\/\/erftkanu.de\/index.php?rest_route=\/wp\/v2\/pages\/36","targetHints":{"allow":["GET"]}}],"collection":[{"href":"https:\/\/erftkanu.de\/index.php?rest_route=\/wp\/v2\/pages"}],"about":[{"href":"https:\/\/erftkanu.de\/index.php?rest_route=\/wp\/v2\/types\/page"}],"author":[{"embeddable":true,"href":"https:\/\/erftkanu.de\/index.php?rest_route=\/wp\/v2\/users\/1"}],"replies":[{"embeddable":true,"href":"https:\/\/erftkanu.de\/index.php?rest_route=%2Fwp%2Fv2%2Fcomments&post=36"}],"version-history":[{"count":4,"href":"https:\/\/erftkanu.de\/index.php?rest_route=\/wp\/v2\/pages\/36\/revisions"}],"predecessor-version":[{"id":64,"href":"https:\/\/erftkanu.de\/index.php?rest_route=\/wp\/v2\/pages\/36\/revisions\/64"}],"wp:attachment":[{"href":"https:\/\/erftkanu.de\/index.php?rest_route=%2Fwp%2Fv2%2Fmedia&parent=36"}],"curies":[{"name":"wp","href":"https:\/\/api.w.org\/{rel}","templated":true}]}}